 prime factors of 1763473961.
19, 3137, 29587
List the prime factors of 2644683863.
17, 83, 443, 4231
What are the prime factors of 1397804728?
2, 174725591
What are the prime factors of 1516062815?
5, 303212563
List the prime factors of 2411971275.
3, 5, 7, 31, 148201
List the prime factors of 1804229659.
11393, 158363
List the prime factors of 1751575690.
2, 5, 175157569
List the prime factors of 216145949.
5531, 39079
What are the prime factors of 111021411?
3, 269, 137573
List the prime factors of 576056627.
643, 895889
List the prime factors of 589823122.
2, 7, 197, 213859
What are the prime factors of 37728651?
3, 41, 101, 3037
What are the prime factors of 136858415?
5, 17, 79, 89, 229
What are the prime factors of 64045832?
2, 8005729
List the prime factors of 3300518301.
3, 103, 10681289
List the prime factors of 97920286.
2, 48960143
List the prime factors of 62773685.
5, 13, 965749
List the prime factors of 93254865.
3, 5, 11, 29, 19489
List the prime factors of 3707227.
1621, 2287
List the prime factors of 36793747.
19, 587, 3299
List the prime factors of 633753274.
2, 7, 11, 31, 132751
What are the prime factors of 13122325?
5, 524893
What are the prime factors of 49695131?
17, 101, 103, 281
What are the prime factors of 458776634?
2, 41, 5594837
List the prime factors of 26465395.
5, 11, 79, 6091
List the prime factors of 52682966.
2, 7, 17, 29, 449
List the prime factors of 238564287.
3, 13, 67, 2341
List the prime factors of 33516885.
3, 5, 41, 54499
What are the prime factors of 3359373755?
5, 19, 1093, 32353
List the prime factors of 69407981.
347, 200023
List the prime factors of 2228787701.
7, 318398243
What are the prime factors of 232939358?
2, 61, 211, 9049
List the prime factors of 162199481.
107, 887, 1709
What are the prime factors of 1322244061?
509, 2597729
What are the prime factors of 58025088?
2, 3, 11, 19, 241
List the prime factors of 1078976295.
3, 5, 41, 181, 359
List the prime factors of 45940560.
2, 3, 5, 67, 2857
List the prime factors of 90866978.
2, 109, 416821
What are the prime factors of 4047540525?
3, 5, 7, 227, 11321
What are the prime factors of 1099066?
2, 549533
List the prime factors of 169295333.
17, 191, 3067
What are the prime factors of 605979178?
2, 7, 17, 47, 71, 109
What are the prime factors of 40051045?
5, 101, 79309
List the prime factors of 1667231610.
2, 3, 5, 11, 5052217
List the prime factors of 422444411.
422444411
What are the prime factors of 1016523850?
2, 5, 20330477
List the prime factors of 333328168.
2, 823, 50627
What are the prime factors of 201888011?
13, 15529847
What are the prime factors of 587937005?
5, 1543, 76207
What are the prime factors of 1020350936?
2, 11, 11594897
What are the prime factors of 217147900?
2, 5, 191, 11369
List the prime factors of 628408913.
11, 57128083
What are the prime factors of 172300037?
7, 13, 19, 227, 439
List the prime factors of 439438430.
2, 5, 43943843
What are the prime factors of 1731864272?
2, 41, 47, 56171
What are the prime factors of 525997078?
2, 262998539
List the prime factors of 77721900.
2, 3, 5, 449, 577
List the prime factors of 2448773345.
5, 489754669
List the prime factors of 359682950.
2, 5, 11, 653969
List the prime factors of 70670591.
70670591
List the prime factors of 478783343.
569, 841447
List the prime factors of 42574413.
3, 7, 67, 30259
What are the prime factors of 26703025?
5, 821, 1301
What are the prime factors of 934427143?
13, 239, 300749
List the prime factors of 129680761.
7, 59, 313997
List the prime factors of 2276066525.
5, 19, 71, 67489
List the prime factors of 237369631.
237369631
List the prime factors of 52845311.
52845311
List the prime factors of 882638403.
3, 29, 313, 32413
List the prime factors of 35067356.
2, 211, 41549
What are the prime factors of 58166096?
2, 131, 27751
What are the prime factors of 153316542?
2, 3, 25552757
What are the prime factors of 999892073?
29, 31, 263, 4229
List the prime factors of 2781137.
23, 120919
List the prime factors of 4518975814.
2, 163, 13861889
What are the prime factors of 17845496?
2, 41, 1327
List the prime factors of 2360405152.
2, 7, 10537523
List the prime factors of 4391782398.
2, 3, 19, 883, 14543
List the prime factors of 220680663.
3, 7, 1501229
What are the prime factors of 2503287804?
2, 3, 1949, 107033
List the prime factors of 1229138629.
113, 757, 14369
What are the prime factors of 57390515?
5, 7, 13, 37, 487
What are the prime factors of 344848888?
2, 43106111
List the prime factors of 26803030.
2, 5, 191, 14033
What are the prime factors of 104602983?
3, 61, 571601
What are the prime factors of 84081256?
2, 7, 191, 1123
What are the prime factors of 385849598?
2, 3457, 55807
What are the prime factors of 124789874?
2, 11, 5672267
List the prime factors of 41269183.
17, 2427599
What are the prime factors of 463924908?
2, 3, 193, 2473
List the prime factors of 352468181.
13, 47, 733, 787
List the prime factors of 169514704.
2, 10594669
What are the prime factors of 617996716?
2, 17, 1949, 4663
What are the prime factors of 784617607?
23, 929, 36721
List the prime factors of 97199535.
3, 5, 19, 61, 5591
List the prime factors of 128155036.
2, 1607, 19937
List the prime factors of 2556774915.
3, 5, 170451661
What are the prime factors of 136176173?
7, 19, 461, 2221
List the prime factors of 2164588.
2, 127, 4261
List the prime factors of 36261008.
2, 7, 323759
List the prime factors of 2887075500.
2, 3, 5, 293, 6569
What are the prime factors of 251250579?
3, 47, 7333
What are the prime factors of 1385582760?
2, 3, 5, 191, 2239
What are the prime factors of 199884691?
17, 11757923
List the prime factors of 133242287.
133242287
List the prime factors of 544937174.
2, 272468587
List the prime factors of 450290050.
2, 5, 7, 17, 75679
What are the prime factors of 296787600?
2, 3, 5, 19, 4339
What are the prime factors of 361767339?
3, 1667, 24113
What are the prime factors of 274332133?
367, 747499
What are the prime factors of 5832105485?
5, 31, 239, 157433
What are the prime factors of 601900613?
601900613
List the prime factors of 435723174.
2, 3, 37, 89, 7351
What are the prime factors of 710487992?
2, 4621, 19219
What are the prime factors of 5463699390?
2, 3, 5, 60707771
What are the prime factors of 171943239?
3, 13, 23, 67, 2861
List the prime factors of 607958745.
3, 5, 197, 233, 883
List the prime factors of 333107488.
2, 7, 109, 1949
List the prime factors of 15878506.
2, 7, 1134179
List the prime factors of 42355255.
5, 41, 307, 673
List the prime factors of 2677172434.
2, 71, 1423, 13249
What are the prime factors of 382488910?
2, 5, 61, 607, 1033
What are the prime factors of 272217444?
2, 3, 22684787
What are the prime factors of 2044992646?
2, 1022496323
What are the prime factors of 99800257?
211, 601, 787
List the prime factors of 4020667554.
2, 3, 79, 149, 56929
List the prime factors of 175123962.
2, 3, 13, 733, 1021
What are the prime factors of 892833584?
2, 1289, 43291
What are the prime factors of 47273890?
2, 5, 401, 11789
List the prime factors of 52799824.
2, 7, 11, 17, 2521
What are the prime factors of 44152787?
7, 43, 47, 3121
List the prime factors of 2318309408.
2, 72447169
What are the prime factors of 31872936?
2, 3, 127, 10457
List the prime factors of 343991397.
3, 114663799
What are the prime factors of 150112001?
13, 11547077
List the prime factors of 550980854.
2, 275490427
What are the prime factors of 94538091?
3, 19, 311, 5333
List the prime factors of 101024238.
2, 3, 7, 2405339
What are the prime factors of 344724757?
13, 239, 110951
List the prime factors of 410956952.
2, 7, 353, 20789
What are the prime factors of 1688735453?
29, 101, 367, 1571
List the prime factors of 3576346172.
2, 7, 107, 1193707
List the prime factors of 245539219.
719, 341501
What are the prime factors of 350080039?
101, 3466139
What are the prime factors of 1550932097?
11, 13, 834283
List the prime factors of 162106373.
11, 13, 17, 66683
What are the prime factors of 66603775?
5, 7, 43, 53, 167
What are the prime factors of 1257637143?
3, 7, 59887483
List the prime factors of 2388098213.
2377, 1004669
List the prime factors of 84414938.
2, 283, 149143
List the prime factors of 52822590.
2, 3, 5, 1760753
What 